0. Calculate the highest common factor of u and j.
86
Let b = 159 + -153. Suppose -2*s + b + 0 = 0, s - 237 = -2*p. Calculate the greatest common divisor of 52 and p.
13
Suppose 25 = -5*i, 2*i = -4*k + 2 + 40. Let q be (2496/(-13))/16 - -415. Calculate the greatest common divisor of k and q.
13
Suppose -78*y = -6468 - 16464. What is the highest common factor of y and 1568?
98
Let n = 10770 - 8130. What is the highest common divisor of n and 204?
12
Suppose 0 = 30*p - 52*p - 8844. Let y = p + 462. What is the greatest common factor of y and 195?
15
Suppose -t + 2 = 0, -57*t = -5*p - 61*t + 368. What is the greatest common factor of p and 2088?
72
Suppose 2 + 26 = 3*v - 4*r, 3*v - 8 = -r. Suppose v*k = -3*w + 60, -w + 22*k - 26*k + 28 = 0. Calculate the greatest common factor of w and 128.
16
Suppose -18*z - 150 = -23*z. Suppose a - 2*x - 170 = 245, 4*a - 5*x = 1645. What is the greatest common factor of a and z?
15
Let r(o) = 2*o**2 - 63*o - 101. Let d be r(33). Let c be (-5 - -5 - -5) + d + 25. Let l be (-396)/(-14) - 2/7. Calculate the highest common factor of c and l.
28
Let m = 525 - 494. Suppose -5*n + 4*z = -2002 - 17, n - 402 = -z. Calculate the highest common divisor of m and n.
31
Suppose 0 = -l - 2, c - 11*l + 15*l = 1734. What is the greatest common divisor of c and 1474?
134
Let c(u) = u**2 - 10*u - 5. Suppose -r = -3, -3*z + z = 4*r - 34. Let b be c(z). Suppose -g - b = -2*g. Calculate the highest common factor of 3 and g.
3
Suppose -2*r = 5*l - 155, -r = l - 5*r - 9. Let g be (36/20)/(7*9/9135). What is the greatest common divisor of g and l?
29
Let c be -2 - 3*6748/(-42). What is the greatest common divisor of 285 and c?
15
Let i be 12*19/((-171)/6) - -1625. What is the greatest common divisor of i and 561?
33
Suppose 3*v + 31 = -5*f - 3, 4*f + 35 = -5*v. Let r be -3*1/v*(50 - -7). Suppose -4*n + 46 = -30. What is the highest common divisor of r and n?
19
Suppose -8*h + 10*h = 4*t - 44, 0 = 3*t - 4*h - 23. Let m be (22 - 21)*(-2 + t). Calculate the highest common factor of 1177 and m.
11
Suppose l - 120*y + 116*y = 97, -y - 88 = -l. What is the highest common divisor of 19805 and l?
85
Let a(p) = -28*p**3 - 15*p**2 + 81*p + 503. Let l be a(-6). Calculate the greatest common factor of 100 and l.
25
Suppose -176*h + 25*h = -146319. Calculate the greatest common divisor of 114 and h.
57
Suppose 2*i = -m + 5*m - 3098, 3*m = -i + 2331. What is the greatest common factor of m and 200?
8
Suppose 9*j - 71 - 19 = 0. Suppose 0 = -2*g + 7*g - 3*l - 1362, -5*l - 1100 = -4*g. Calculate the highest common factor of g and j.
10
Suppose 0 = 4*g - 6*g - 5*b + 31, -25 = -5*b. Suppose 5*t + g*t = 152. Calculate the highest common divisor of t and 133.
19
Let m be (-5841)/(-16) - (-142)/(-2272). Calculate the greatest common divisor of 25 and m.
5
Suppose 3*g = -2*r + 68, 0*g + 4*g = -4*r + 128. Calculate the highest common factor of 1148 and r.
28
Let c(a) = a + 23. Let h be c(0). Suppose -109264 + 19472 = -64*k. Calculate the highest common divisor of k and h.
23
Let h = 25 - 47. Let v = 28 + h. Let y = v - 4. What is the highest common factor of 16 and y?
2
Let f(z) = 2*z**2 - 11*z - 21. Let t be f(8). Suppose -t*o + 1305 = -14*o. Calculate the greatest common factor of o and 29.
29
Suppose 0 = 16*v - 87*v + 26890 + 27567. What is the highest common factor of 177 and v?
59
Suppose 215 = 5*b + 3*k, 1966*b - 2*k = 1961*b + 240. What is the greatest common factor of 9131 and b?
23
Let o = -17135 + 17161. Let x(w) = -w**3 - 2*w**2 + 2. Let y be x(-2). What is the greatest common factor of o and y?
2
Let t(v) = -117*v + 463. Let r be t(-11). What is the highest common divisor of 28 and r?
14
Let b = -31 + 45. Let s = -1735 - -1739. What is the greatest common divisor of s and b?
2
Let o = -423 - -883. Let s be -6 + 0 + 8 + o. Calculate the highest common factor of s and 42.
42
Let g(l) = 13*l + 108. Let p(f) = 7*f + 55. Let n(r) = 4*g(r) - 9*p(r). Let d be n(-6). What is the greatest common divisor of 135 and d?
3
Suppose 5*h - 9331 = -0*h - 2*r, 3*h = 3*r + 5586. What is the highest common divisor of h and 25?
5
Let m be (-1)/3 - (-72446)/222. Calculate the greatest common factor of m and 13529.
163
Let f be 38 - (4 + 6 + -20). What is the greatest common divisor of f and 9168?
48
Let v(h) = -h**3 - 3*h**2 + 56*h + 251. Let i be v(-10). Calculate the greatest common divisor of i and 690.
23
Let j be ((-3)/(-1))/((-6)/(-40)). Let z(h) = h**3 - 23*h**2 + 80*h + 22. Let v be z(21). Calculate the greatest common factor of v and j.
20
Let y(l) = 243*l**3 - l**2 + l. Suppose -31 = -7*z - 24. Let i be y(z). Calculate the highest common factor of i and 27.
27
Let v be 1/(-1) - (-6)/1. Suppose 24 = v*q - 4*o - 31, -3*o = 2*q - 22. Let k = 199636 - 199515. Calculate the greatest common factor of k and q.
11
Let u(z) = -6*z - 378. Let j be u(-69). What is the greatest common factor of 1494 and j?
18
Let t = 776 - 376. Let y be 6/2 + (1 - 0). Suppose 0 = 3*w - 5*a - t, -136 = -y*w + 3*w + a. Calculate the greatest common divisor of 10 and w.
10
Let l be 116 + 5 + 17 + -14. Suppose 0 = 2*w - 0*w - 868. What is the greatest common factor of l and w?
62
Let o be -1*(-7 + 26 + -12) - -11. Calculate the highest common factor of o and 386.
2
Let q = -192 - -161. Let z = 54 - -1. Let i = q + z. What is the greatest common factor of 24 and i?
24
Let i(a) = -a**2 - 181*a - 1813. Let r be i(-11). Calculate the greatest common divisor of 228 and r.
57
Let d(q) = 5*q**2 - 20. Suppose 18*o - 55 = 7*o. Let b be d(o). Suppose -3*h + s + 19 = -30, 3*s = -h + 3. Calculate the greatest common factor of b and h.
15
Suppose x = -3*l + 67, -99 = -2*x + 3*l + 44. Let m be 1/(((-33)/(-336))/11). Let t = m - x. Calculate the highest common factor of t and 70.
14
Suppose 3*n = 9*n + 1662. Let i = n + 306. Calculate the greatest common factor of 58 and i.
29
Let q = 340 - 88. Let d(l) = 3*l**3 - 18*l**2 + 8*l - 7. Let j be d(7). Calculate the highest common factor of j and q.
28
Suppose -63*k = -140*k + 239701. What is the highest common divisor of 11 and k?
11
Let l(n) = -171*n - 3218. Let f be l(-45). Calculate the greatest common divisor of 33 and f.
11
Let l(k) = -k**3 + 28*k + 9. Let o be l(5). Let t = 3 + o. Calculate the greatest common divisor of 351 and t.
27
Suppose -4*a + 30748 = 9*z, -3*z + 140*a + 10246 = 138*a. What is the greatest common factor of z and 168?
56
Let s(w) = 277*w + 152. Let u be s(33). Suppose 18*x - u = -2165. Calculate the greatest common factor of 44 and x.
44
Let d be (-1304)/(-36) + 40/(-180). What is the greatest common divisor of 2124 and d?
36
Let i be 157*(4 + -8 + 3)*-1. Let o = i - 57. Calculate the greatest common divisor of 40 and o.
20
Let n = -21365 + 21428. What is the greatest common divisor of n and 1372?
7
Let b = 135 - 289. Let w = b - -218. Suppose i + w = 5*i. Calculate the greatest common divisor of i and 64.
16
Suppose -24 = -n + 5*u, -2*u - 3 = -4*n + 21. Suppose r = 27*c - 31*c + 84, 3*c - 5*r = 86. What is the highest common factor of c and n?
2
Let v = -9228 - -9364. What is the highest common factor of v and 920?
8
Suppose -6*g + 4 = -2*g, -5*y - 2*g + 1762 = 0. Let l = 397 - y. Calculate the highest common factor of l and 1440.
45
Let x = 3442 + 176. What is the highest common factor of 268 and x?
134
Let n = 1313 - 676. Calculate the greatest common factor of n and 65.
13
Let t(l) = -142*l - 710. Let q(z) = -70*z - 354. Let g(f) = -5*q(f) + 2*t(f). Let w be g(5). Calculate the highest common factor of 40 and w.
40
Let r(k) = 9*k**2 + 45*k - 72. Let l be r(-49). What is the highest common factor of l and 108?
108
Let z(l) = 76*l + 29. Let a be z(-3). Let t = 284 + a. Let s(d) = d**2 + 5*d + 3. Let q be s(-7). What is the greatest common factor of q and t?
17
Let j be ((-5)/20 - 36146/(-72)) + (-6)/(-27). What is the greatest common factor of 13805 and j?
251
Suppose -r + 521 - 437 = 0. Suppose 0 = -5*s - 3*c + 426, -4*c - 11 - 317 = -4*s. Suppose 3*k + k - s = 0. What is the highest common divisor of r and k?
21
Let m be (-2 - -5 - -5) + 9176/37. Calculate the highest common divisor of 592 and m.
16
Let j = 11 - -4. Suppose 225 = 3*s + 3*o, -200 = -4*s - 2*o + 100. What is the greatest common divisor of j and s?
15
Let x = 